Calculate the highest common factor of 27 and 459.
27
What is the greatest common divisor of 531 and 126?
9
What is the greatest common divisor of 189 and 630?
63
What is the highest common factor of 180 and 820?
20
Calculate the highest common divisor of 8 and 148.
4
Calculate the highest common factor of 510 and 60.
30
What is the greatest common factor of 530 and 510?
10
Calculate the highest common divisor of 5270 and 2.
2
Calculate the highest common divisor of 897 and 207.
69
What is the highest common factor of 98 and 2?
2
What is the greatest common factor of 460 and 805?
115
Calculate the greatest common factor of 39 and 53391.
39
What is the highest common divisor of 18 and 126?
18
Calculate the highest common factor of 24366 and 62.
62
Calculate the highest common divisor of 15 and 1155.
15
What is the highest common factor of 4 and 148?
4
Calculate the greatest common factor of 3750 and 450.
150
Calculate the greatest common factor of 11548 and 4.
4
Calculate the highest common factor of 12 and 2164.
4
What is the greatest common divisor of 559 and 39?
13
Calculate the greatest common divisor of 118 and 531.
59
What is the greatest common divisor of 17 and 459?
17
What is the highest common divisor of 318 and 384?
6
What is the greatest common divisor of 12 and 1458?
6
Calculate the greatest common divisor of 218 and 2834.
218
What is the highest common divisor of 1482 and 12?
6
What is the greatest common factor of 126 and 84?
42
Calculate the highest common divisor of 28 and 10.
2
Calculate the highest common factor of 15 and 6.
3
What is the greatest common factor of 156 and 429?
39
Calculate the greatest common divisor of 48 and 368.
16
Calculate the highest common factor of 120 and 105.
15
Calculate the highest common factor of 232 and 64.
8
What is the highest common divisor of 2006 and 34?
34
What is the greatest common divisor of 5590 and 130?
130
Calculate the greatest common factor of 180 and 765.
45
What is the greatest common factor of 429 and 156?
39
What is the greatest common factor of 328 and 6929?
41
Calculate the greatest common factor of 16 and 272.
16
Calculate the greatest common factor of 90 and 1485.
45
What is the highest common divisor of 210 and 390?
30
Calculate the greatest common divisor of 6 and 1134.
6
Calculate the highest common factor of 881 and 8.
1
What is the greatest common divisor of 35 and 14?
7
What is the greatest common divisor of 102 and 3774?
102
Calculate the greatest common divisor of 5795 and 380.
95
What is the highest common factor of 7 and 7?
7
What is the greatest common factor of 102 and 72?
6
What is the highest common factor of 1000 and 40?
40
What is the highest common divisor of 325 and 1261?
13
What is the highest common divisor of 32 and 37328?
16
What is the greatest common factor of 243 and 20655?
243
Calculate the greatest common factor of 273 and 3192.
21
What is the highest common divisor of 34112 and 104?
104
What is the greatest common factor of 129 and 4687?
43
Calculate the highest common factor of 3663 and 36.
9
What is the highest common factor of 52 and 24?
4
What is the highest common divisor of 57 and 304?
19
Calculate the highest common factor of 84 and 1785.
21
What is the greatest common factor of 2067 and 13?
13
What is the greatest common divisor of 366 and 6?
6
What is the highest common divisor of 66 and 312?
6
Calculate the greatest common divisor of 6 and 87.
3
Calculate the greatest common factor of 8 and 27112.
8
Calculate the greatest common factor of 104 and 988.
52
What is the greatest common divisor of 484 and 8833?
121
Calculate the greatest common factor of 1001 and 14.
7
Calculate the highest common divisor of 40 and 2540.
20
Calculate the highest common factor of 132 and 3036.
132
What is the greatest common factor of 445 and 35?
5
What is the highest common divisor of 52 and 26?
26
What is the highest common factor of 52 and 50?
2
What is the highest common divisor of 4 and 6?
2
What is the highest common factor of 507 and 39?
39
What is the greatest common divisor of 99 and 121?
11
Calculate the highest common factor of 87 and 58.
29
What is the greatest common divisor of 343 and 21?
7
What is the greatest common divisor of 253 and 92?
23
What is the highest common divisor of 10 and 45?
5
What is the greatest common divisor of 8 and 212?
4
What is the highest common factor of 33 and 88?
11
Calculate the greatest common divisor of 135 and 165.
15
Calculate the highest common divisor of 7854 and 42.
42
What is the highest common factor of 25 and 730?
5
What is the greatest common divisor of 15 and 25?
5
Calculate the greatest common factor of 125 and 13.
1
Calculate the greatest common factor of 12960 and 280.
40
What is the highest common factor of 40 and 85?
5
Calculate the greatest common divisor of 975 and 39.
39
What is the highest common divisor of 3786 and 6?
6
Calculate the highest common factor of 3336 and 24.
24
Calculate the greatest common divisor of 104 and 16.
8
Calculate the highest common divisor of 22 and 3630.
22
What is the greatest common factor of 564 and 24?
12
What is the highest common factor of 4 and 788?
4
What is the highest common factor of 56 and 528?
8
What is the greatest common divisor of 59 and 1711?
59
What is the greatest common divisor of 32 and 568?
8
Calculate the greatest common factor of 1169 and 7.
7
What is the highest common factor of 143 and 2123?
11
What is the highest common divisor of 41 and 8364?
41
Calculate the greatest common factor of 16540 and 40.
20
Calculate the greatest common divisor of 392 and 1736.
56
What is the greatest common factor of 1194 and 10?
2
What is the highest common divisor of 26 and 1534?
26
What is the greatest common divisor of 361 and 1311?
19
Calculate the greatest common divisor of 36 and 126.
18
Calculate the greatest common divisor of 6 and 1716.
6
Calculate the greatest common divisor of 60 and 205.
5
Calculate the greatest common factor of 623 and 534.
89
What is the greatest common factor of 649 and 77?
11
What is the highest common divisor of 14016 and 24?
24
Calculate the highest common factor of 128 and 208.
16
Calculate the greatest common factor of 91 and 56.
7
What is the highest common factor of 67 and 201?
67
Calculate the greatest common factor of 68 and 1241.
17
What is the greatest common divisor of 21 and 1239?
21
Calculate the highest common factor of 663 and 2295.
51
Calculate the highest common factor of 56 and 406.
14
What is the highest common divisor of 451 and 11?
11
Calculate the highest common factor of 255 and 60.
15
Calculate the highest common divisor of 25 and 10175.
25
What is the highest common factor of 153 and 289?
17
What is the greatest common factor of 22 and 2189?
11
Calculate the highest common divisor of 22 and 407.
11
What is the highest common factor of 60 and 2145?
15
What is the highest common factor of 1421 and 49?
49
Calculate the highest common factor of 26 and 1924.
26
Calculate the greatest common divisor of 52 and 130.
26
What is the greatest common factor of 1763 and 41?
41
What is the highest common divisor of 9 and 681?
3
Calculate the greatest common factor of 2911 and 41.
41
What is the greatest common divisor of 2 and 21674?
2
Calculate the highest common divisor of 170 and 8270.
10
What is the highest common factor of 176 and 77?
11
Calculate the greatest common divisor of 553 and 21.
7
What is the highest common divisor of 28 and 10108?
28
What is the greatest common factor of 67 and 67?
67
Calculate the highest common factor of 25051 and 41.
41
Calculate the greatest common factor of 473 and 781.
11
What is the highest common factor of 24 and 4152?
24
Calculate the greatest common factor of 99 and 220.
11
What is the greatest common factor of 6463 and 299?
23
What is the greatest common factor of 14 and 1382?
2
Calculate the greatest common factor of 152 and 38.
38
What is the greatest common divisor of 1768 and 680?
136
What is the highest common divisor of 1314 and 1898?
146
Calculate the greatest common factor of 126 and 70.
14
Calculate the highest common divisor of 13 and 3991.
13
What is the highest common factor of 13 and 1430?
13
Calculate the greatest common factor of 2142 and 1386.
126
Calcu